 4)) + -5
17
What is -10 - (1 - (-13 - -18))?
-6
What is 10 - (-10 - (-7 + -8) - 15)?
20
Evaluate -11 - -3 - (-549 + 543).
-2
What is 7 - -7 - (-2 - -5) - (-1 + 7)?
5
Evaluate (0 - (-4 + -1)) + -1 + 0 + -1.
3
Calculate 47 - ((-23 - -55) + 1).
14
38 + -1 - (65 + -32 + -21) - 8
17
Evaluate -4 - (-35 + 31 + (1 - -11)).
-12
What is 1 - (-5 + 2) - (185 - 186)?
5
Evaluate (-7 - (0 - 2)) + 0 + (-62 - -54).
-13
What is the value of (6 - (5 - -3 - -5)) + 45 + -8?
30
Evaluate 10 + 2 - (-85 + 85).
12
Evaluate 8 - 23 - (-1 - 4 - -1).
-11
Calculate -7 + 1 + (14 - 25) + (-5 - -3).
-19
(8 + 10 - -16) + -23
11
31 - (19 - -11) - -14
15
(7 - 4) + (5 - (-1 + 5)) + -7
-3
What is 0 + -10 - -1 - (-41 - -25)?
7
Calculate -18 + 11 + 3 - -21.
17
Evaluate (8 - 14) + 3 + (-3 - -2) - 3.
-7
Evaluate -29 + 38 + 17 - 23.
3
What is the value of 0 + -5 + (2 - 4) - (-40 - -33)?
0
What is the value of 1 - ((-53 - -52) + -1 + (18 - 1))?
-14
What is 23 + 10 - 20 - (5 - -11)?
-3
What is (-11 + 9 - -5) + (0 + 5 - -1)?
9
17 - 28 - (8 + -11)
-8
Calculate -7 + 7 + -1 + 18.
17
Evaluate 21 + (-1 - (-10 + 25)).
5
Evaluate 5 - -2 - (-39 + 6 + 24).
16
(14 - 31) + 13 - -3 - 12
-13
Calculate (-9 + 2 + 7 - (-11 + 2)) + -2.
7
Evaluate 8 + -19 + 4 + (1 - (-20 - 1)).
15
What is the value of (-2 - 19) + 22 + -20 + -7?
-26
What is 33 - (8 + -6 + 9 - 0)?
22
What is the value of -6 + 11 + -15 + 9?
-1
23 + -46 - -29 - 7
-1
What is the value of -35 + 8 + -4 + -8 + 22 + -12?
-29
Calculate (-877 - -875) + 1 + (1 - -7) + 6.
13
What is the value of (-7 - 2) + -18 + 15?
-12
Calculate 11 - (-5 + 34 + -14 + -11).
7
(10 + -1 - 6) + 29
32
Evaluate (5 - (21 + -14 + 5)) + 0.
-7
6 + -22 - (-2 + -1 + 13)
-26
Evaluate (49 - 10) + (21 - 33).
27
What is 13 + -26 + 17 + (1 - (0 - -15))?
-10
6 + (-15 - (-23 - -12))
2
What is 24 - (34 - (33 + -18))?
5
Calculate -103 + 110 - (23 - -2).
-18
What is the value of (-37 - -6 - (2 - 4)) + (4 - -1)?
-24
What is (1 - 15) + (443 - 415)?
14
What is the value of -4 - 0 - (191 + -186)?
-9
What is the value of (-2 - -1 - -4) + (4 - 51 - -27)?
-17
Calculate -7 + (-8 - (-8 + 14 + -12)).
-9
Calculate -7 + (3 + 0 + 18 - 7).
7
What is (-19 - -4) + -12 - -17?
-10
What is the value of 8 + 2 + -3 + (-13 - -14)?
8
Evaluate 20 + -1 + (16 - (39 - 12)).
8
What is the value of (232 - 275) + 3 + 8?
-32
Calculate -9 - (-6 - -8 - 4) - -1 - 2.
-8
What is the value of 5 + -6 + (-9 - -11)?
1
-6 + (-2 + 0 - -15) - (3 - -21)
-17
3 - (6 + -4 + -9 + 16)
-6
-5 - (-6 + (17 - 8))
-8
What is the value of 10 - 0 - (29 + -27 + 1)?
7
What is 0 + -11 - 14 - (23 - 17)?
-31
Calculate 14 + (-13 - -4) + -2 + -12.
-9
7 - (-13 + (2 - -10))
8
Evaluate (8 - 9) + -17 - 7 - -9.
-16
Evaluate (0 + -2 - -28) + -7 + 0 - 6.
13
What is the value of (1 - (-7 - 2)) + 35 + -34?
11
What is 14 + (-3 - -5 - 8 - -1)?
9
-2 + -1 - (6 + -20)
11
Calculate -7 + 23 - (-14 - (-2 + -3) - -2).
23
Calculate (-42 - -52) + -17 + 1 - -8.
2
What is the value of 4 + 9 + (-10 - 14)?
-11
What is (4 - 13) + 4 + (24 - (11 - 9))?
17
(6 - 11) + -3 + (1 - -9)
2
(13 - 17 - 13 - 12) + 9
-20
What is 565 - 554 - (36 + 1)?
-26
What is the value of 16 + 3 + 2 + 46 + -57?
10
Evaluate (-4 - (11 + -5)) + 5.
-5
Calculate -3 - ((-5 - 2) + -13).
17
What is the value of -1 + 27 + (-109 - -104)?
21
Evaluate -11 + 27 + 4 + -1.
19
8 - ((70 - 80) + 0 + 9)
9
-26 - (-12 - 16) - (1 - 3)
4
Calculate 4 - 9 - (-4 + 19 - 7).
-13
4 + 2 - 3 - (4 + 8)
-9
Calculate 35 - (25 - (-28 - -45)).
27
2 + 0 - (1 - 33 - -28)
6
-7 - (57 - 57 - (2 - -7))
2
What is (3 - -7) + -2 - (-14 + (30 - 18))?
10
Calculate -43 - (-40 + -10) - -2.
9
What is the value of 28 - 57 - (-23 + 5)?
-11
What is -2 - (-10 + (5 - (11 + -20)))?
-6
-8 - ((-1 - -7) + -9) - -5
0
Evaluate 610 + -604 - ((-4 - -2) + 1 - 6).
13
-7 - (-1 + 7 + (7 + -19 - -11))
-12
-38 - (-100 - (-32 + -10))
20
2 + 7 + (-14 - -13)
8
What is the value of 870 + -882 + 0 + -1?
-13
What is the value of 3 + -6 - 8 - (11 + (0 - 32))?
10
Evaluate -3 + -5 - (320 + -343).
15
What is (-35 - 5) + 20 - -32?
12
What is 14 + -5 + -17 - 7?
-15
What is -8 - (11 - 8) - -12?
1
What is -36 + (-25 - -30) - -9?
-22
Calculate 1 + 16 + -17 + 19.
19
Calculate 52 + -42 - (10 - 3 - -25).
-22
-14 + (-29 - -20) + 11
-12
What is -4 - (-15 - (-28 + 18 + 31))?
32
36 + -19 + -49 - -6 - -11
-15
What is 2 + -16 + (-24 - -46)?
8
Calculate 11 - 28 - -13 - (-2 + 1 + -1).
-2
Evaluate -4 + (-2 + 0 - (-266 + 268)).
-8
Evaluate -67 + -1 + 85 + (-38 - 0).
-21
Calculate (-27 + -6 - -25) + (-1 - 21).
-30
Calculate ((-13 - -4) + 2 - -5) + -7.
-9
Calculate -4 - -10 - (9 + (6 - 16)) - 14.
-7
6 - 0 - ((-2 - -14) + -30 + 18)
6
(-6 + 22 + -10 - -11) + -6 + -22
-11
What is -13 + (-5 - 0) + (7 - (-1 + 0))?
-10
Evaluate 4 + 6 - (31 + -25) - (16 + 0).
-12
Calculate -11 - (12 + -16) - (-28 - 6).
27
Evaluate 7 + (-2 - -7) - 7.
5
What is the value of 0 - 1 - (-16 - -15 - 5) - 4?
1
What is -40 + (-1 - -23) + 35?
17
What is the value of 5 - (5 + -2) - (12 - -3)?
-13
2 + -4 - -3 - ((-34 - -94) + -29)
-30
Calculate (1 - (16 + 5)) + (9 - 3).
-14
Evaluate -3 + 15 + -11 - 4.
-3
-10 - (-4 + 1) - (69 + -90)
14
Evaluate -2 + (-6 - -3) - (-25 + 0 + 7).
13
Evaluate (9 - -4) + (6 + -13 - 21).
-15
Calculate -25 + (18 - -5) + 9.
7
Evaluate -1 - 11 - (-212 - -198).
2
What is the value of -8 + 1 + 1 - -16 - 10?
0
Evaluate (-294 - -310) + -9 + (2 - 1).
8
What is the value of -26 - (21 - 30) - (0 - 3 - -5)?
-19
What is 6 + -5 + 7 + (-1 - -3) + -20?
-10
-2 - (3 + (5 - 11) + 1 + -1)
1
What is the value of -2 + -2 + (17 + -7 - -9)?
15
Evaluate (-19 - 8 - -14) + 8 - 8.
-13
Calculate 11 + -6 + -4 + (0 - (-5 + 16)).
-10
What is -77 + 64 - (1 - 6) - -5?
-3
Calculate -9 + -12 + (12 + -1 - 12).
-22
Calculate 3 + (32 - 23) + -6.
6
What is the value of (3 - (-1 + 2)) + (585 - 585)?
2
Evaluate 13 - 19 - (-2 + 1 + 0 - -8).
-13
Calculate 11 - (-18 - -83 - 31).
-23
Evaluate 0 + -1 + 10 + -15.
-6
What is (10 - (45 + -30)) + 20?
15
What is 0 + -2 + 12 - 13 - (2 - -5)?
-10
Evaluate -1 - -2 - 6 - (-111 - (-22 + -113)).
-29
Calculate -1 + -16 + 28 + 3 + -24.
-10
What is 3 - (0 + (-2 + -4 - 1) + 20)?
-10
What is 2 - ((-10 - -1) + 3) - (52 + -39)?
-5
Evaluate -14 - (-8 + 5 + (8 - 3) - 8).
-8
What is the value of 4 - (4 - -16) - (1 + -10)?
-7
What is 300 + -295 + (1 - -7)?
13
What is the value of -2 + -13 + 8 + 4 - -6 - 22?
-19
What is 6 + -4 + -14 + 33 + -12?
9
What is 12 - ((30 - 16) + -17)?
15
What is (7 - -1) + (-220 - -236 - (0 + 11))?
13
Evaluate -1 + 5 + -1 + -5 - 9.
-11
-3 + 2 + 8 - (142 + -131)
-4
Calculate 2 + (7 - (7 + -10 + 19)).
-7
What is 2 + -15 + 12 - -8 - (-5 + 1)?
11
(2 - -1) + 9 + -18
-6
9 - (-32 + (42 - 25))
24
What is (-1 - -5 - -2) + (208 - 213)?
1
Evaluate (9 - 22) + -5 + 4 + 4 + -11.
-21
Calculate (-2 + -6 - -16) + (17 - 5).
20
What is (8 - 4) + (7 + -27 - -12)?
-4
What is (244 - 228) + -26 + 2?
-8
What is the value of (11 - (5 - 0)) + -6 - 8?
-8
What is the value of 0 - 2 - -2 - 4?
-4
Evaluate 28 + (-2 - -3) + -236 + 229.
22
What is (4 - 9) + -1 + -4 + 6?
-4
Evaluate -602 + 598 + (15 - 0).
11
What is the value of 10 + (-17 - -18) + 14 + -8 + -10?
7
-2 + 0 + -1 + 618 + -621
-6
Evaluate -68 + 72 + (1 - 2) - 20.
-17
Evaluate 3 + 3 + -4 + 1 - (-1 + 8).
-4
Evaluate 1 + 1 - ((3 - -1 - 5) + 4).
-1
What is the value of 34 + -29 - (17 + 6 + -7 + 5)?
-16
(4 - (6 + -12 - -22)) + 22
10
11 + 0 + -4 - (-5 - -3)
9
What is (7 - -4 - 8) + 17 + -7?
13
What is the value of -2 + -19 + -199 + 195 + (1 - -9)?
-15
Calculate -9 + -4 - (-2 - -7).
-18
What is 137 - 131 - (1 + 15)?
-10
(2 - 2) + 5 + -10 + -3
-8
What is -10 + (47 - (1 + (14 - 4)))?
26
What is the value of (-34 - (-23 - -7) - -7) + 35?
24
Calculate 1 - 6 - (165 + -177).
7
Calculate (-6 - -9) + 1 - (36 - 57).
25
What is 1 + ((9 - 2) + -2 - (-12 - -7))?
11
Evaluate 314 - 321 - (0 - -4) - -19.
8
What is the value of -1 - -8 - (10 - (-11 + 23))?
9
What is the value of 15 + (-9 - -45) + -28?
23
Evaluate (-31 - -49) + -4 + (-22 - -4).
-4
Calculate -7 - (-38 + 10 + 6).
15
What is the value of -1 + 2 - (-2 - -3) - (122 - 108)?
-14
-7 + (14 - 2) - 5 - (8 + 2)
-10
6 + -2 - (13 - (13 - 3))
1
What is the value of -4 - -3 - (2 + -12) - (9 - -3)?
-3
Evaluate -3 + 5 - -20 - 20.
2
What is the value of 2 + 20 + 9 - 6 - 6 - 7?
12
What is the value of (-13 - -19) + -5 + (-2 - 0) + 8?
7
Evaluate 